[INFO] cloning repository https://github.com/Justfr33z/sauerbraten
[INFO] running `Command { std: "git" "-c" "credential.helper=" "-c" "credential.helper=/workspace/cargo-home/bin/git-credential-null" "clone" "--bare" "https://github.com/Justfr33z/sauerbraten" "/workspace/cache/git-repos/https%3A%2F%2Fgithub.com%2FJustfr33z%2Fsauerbraten", kill_on_drop: false }`
[INFO] [stderr] Cloning into bare repository '/workspace/cache/git-repos/https%3A%2F%2Fgithub.com%2FJustfr33z%2Fsauerbraten'...
[INFO] running `Command { std: "git" "rev-parse" "HEAD", kill_on_drop: false }`
[INFO] [stdout] 692e6b9b500b63785afebc7dae330b4eaa9e32bd
[INFO] checking Justfr33z/sauerbraten against master#e6e4f7ed1589e03bc2f6c5931c1a72e7947e8682 for beta-170-4
[INFO] running `Command { std: "git" "clone" "/workspace/cache/git-repos/https%3A%2F%2Fgithub.com%2FJustfr33z%2Fsauerbraten" "/workspace/builds/worker-4-tc2/source", kill_on_drop: false }`
[INFO] [stderr] Cloning into '/workspace/builds/worker-4-tc2/source'...
[INFO] [stderr] done.
[INFO] validating manifest of git repo https://github.com/Justfr33z/sauerbraten on toolchain e6e4f7ed1589e03bc2f6c5931c1a72e7947e8682
[INFO] running `Command { std: CARGO_HOME="/workspace/cargo-home" RUSTUP_HOME="/workspace/rustup-home" "/workspace/cargo-home/bin/cargo" "+e6e4f7ed1589e03bc2f6c5931c1a72e7947e8682" "metadata" "--manifest-path" "Cargo.toml" "--no-deps", kill_on_drop: false }`
[INFO] started tweaking git repo https://github.com/Justfr33z/sauerbraten
[INFO] finished tweaking git repo https://github.com/Justfr33z/sauerbraten
[INFO] tweaked toml for git repo https://github.com/Justfr33z/sauerbraten written to /workspace/builds/worker-4-tc2/source/Cargo.toml
[INFO] crate git repo https://github.com/Justfr33z/sauerbraten already has a lockfile, it will not be regenerated
[INFO] running `Command { std: CARGO_HOME="/workspace/cargo-home" RUSTUP_HOME="/workspace/rustup-home" "/workspace/cargo-home/bin/cargo" "+e6e4f7ed1589e03bc2f6c5931c1a72e7947e8682" "fetch" "--manifest-path" "Cargo.toml", kill_on_drop: false }`
[INFO] running `Command { std: "docker" "create" "-v" "/var/lib/crater-agent-workspace/builds/worker-4-tc2/target:/opt/rustwide/target:rw,Z" "-v" "/var/lib/crater-agent-workspace/builds/worker-4-tc2/source:/opt/rustwide/workdir:ro,Z" "-v" "/var/lib/crater-agent-workspace/cargo-home:/opt/rustwide/cargo-home:ro,Z" "-v" "/var/lib/crater-agent-workspace/rustup-home:/opt/rustwide/rustup-home:ro,Z" "-e" "SOURCE_DIR=/opt/rustwide/workdir" "-e" "CARGO_TARGET_DIR=/opt/rustwide/target" "-e" "CARGO_HOME=/opt/rustwide/cargo-home" "-e" "RUSTUP_HOME=/opt/rustwide/rustup-home" "-w" "/opt/rustwide/workdir" "-m" "1610612736" "--user" "0:0" "--network" "none" "ghcr.io/rust-lang/crates-build-env/linux@sha256:19e73879b68f455e41552ea35293514db52ea292d993f571636dbffedb77a1ee" "/opt/rustwide/cargo-home/bin/cargo" "+e6e4f7ed1589e03bc2f6c5931c1a72e7947e8682" "metadata" "--no-deps" "--format-version=1", kill_on_drop: false }`
[INFO] [stdout] d7b582a07080c2534664fbddd137486c1a915b2bfea92cd16fe2eab26676a914
[INFO] running `Command { std: "docker" "start" "-a" "d7b582a07080c2534664fbddd137486c1a915b2bfea92cd16fe2eab26676a914", kill_on_drop: false }`
[INFO] running `Command { std: "docker" "inspect" "d7b582a07080c2534664fbddd137486c1a915b2bfea92cd16fe2eab26676a914", kill_on_drop: false }`
[INFO] running `Command { std: "docker" "rm" "-f" "d7b582a07080c2534664fbddd137486c1a915b2bfea92cd16fe2eab26676a914", kill_on_drop: false }`
[INFO] [stdout] d7b582a07080c2534664fbddd137486c1a915b2bfea92cd16fe2eab26676a914
[INFO] running `Command { std: "docker" "create" "-v" "/var/lib/crater-agent-workspace/builds/worker-4-tc2/target:/opt/rustwide/target:rw,Z" "-v" "/var/lib/crater-agent-workspace/builds/worker-4-tc2/source:/opt/rustwide/workdir:ro,Z" "-v" "/var/lib/crater-agent-workspace/cargo-home:/opt/rustwide/cargo-home:ro,Z" "-v" "/var/lib/crater-agent-workspace/rustup-home:/opt/rustwide/rustup-home:ro,Z" "-e" "SOURCE_DIR=/opt/rustwide/workdir" "-e" "CARGO_TARGET_DIR=/opt/rustwide/target" "-e" "CARGO_INCREMENTAL=0" "-e" "RUST_BACKTRACE=full" "-e" "RUSTFLAGS=--cap-lints=forbid" "-e" "RUSTDOCFLAGS=--cap-lints=forbid" "-e" "CARGO_HOME=/opt/rustwide/cargo-home" "-e" "RUSTUP_HOME=/opt/rustwide/rustup-home" "-w" "/opt/rustwide/workdir" "-m" "1610612736" "--user" "0:0" "--network" "none" "ghcr.io/rust-lang/crates-build-env/linux@sha256:19e73879b68f455e41552ea35293514db52ea292d993f571636dbffedb77a1ee" "/opt/rustwide/cargo-home/bin/cargo" "+e6e4f7ed1589e03bc2f6c5931c1a72e7947e8682" "check" "--frozen" "--all" "--all-targets" "--message-format=json", kill_on_drop: false }`
[INFO] [stdout] f2e2047cd1bf4d3ef58e31617bfca442f274a2c6e7c018398e8c84af68ab0004
[INFO] running `Command { std: "docker" "start" "-a" "f2e2047cd1bf4d3ef58e31617bfca442f274a2c6e7c018398e8c84af68ab0004", kill_on_drop: false }`
[INFO] [stderr]    Compiling winapi v0.3.9
[INFO] [stderr]     Checking sauerbraten v0.1.0 (/opt/rustwide/workdir)
[INFO] [stdout] error[E0432]: unresolved import `winapi::ctypes`
[INFO] [stdout]  --> src/sauerbraten/structs.rs:2:5
[INFO] [stdout]   |
[INFO] [stdout] 2 | use winapi::ctypes;
[INFO] [stdout]   |     ^^^^^^^^^^^^^^ no `ctypes` in the root
[INFO] [stdout] 
[INFO] [stdout] 
[INFO] [stdout] error[E0432]: unresolved import `winapi::ctypes`
[INFO] [stdout]  --> src/module/modules/nodelay.rs:1:5
[INFO] [stdout]   |
[INFO] [stdout] 1 | use winapi::ctypes;
[INFO] [stdout]   |     ^^^^^^^^^^^^^^ no `ctypes` in the root
[INFO] [stdout] 
[INFO] [stdout] 
[INFO] [stdout] error[E0432]: unresolved import `winapi::ctypes`
[INFO] [stdout]  --> src/module/modules/aimbot.rs:2:5
[INFO] [stdout]   |
[INFO] [stdout] 2 | use winapi::ctypes;
[INFO] [stdout]   |     ^^^^^^^^^^^^^^ no `ctypes` in the root
[INFO] [stdout] 
[INFO] [stdout] 
[INFO] [stdout] error[E0432]: unresolved import `winapi::ctypes`
[INFO] [stdout]  --> src/sauerbraten/structs.rs:2:5
[INFO] [stdout]   |
[INFO] [stdout] 2 | use winapi::ctypes;
[INFO] [stdout]   |     ^^^^^^^^^^^^^^ no `ctypes` in the root
[INFO] [stdout] 
[INFO] [stdout] 
[INFO] [stdout] error[E0432]: unresolved imports `winapi::um`, `winapi::_core`
[INFO] [stdout]   --> src/module/manager.rs:14:5
[INFO] [stdout]    |
[INFO] [stdout] 14 |     um::{
[INFO] [stdout]    |     ^^ could not find `um` in `winapi`
[INFO] [stdout] ...
[INFO] [stdout] 18 |     _core::ptr,
[INFO] [stdout]    |     ^^^^^ could not find `_core` in `winapi`
[INFO] [stdout] 
[INFO] [stdout] 
[INFO] [stdout] error[E0432]: unresolved import `winapi::ctypes`
[INFO] [stdout]  --> src/module/module.rs:2:5
[INFO] [stdout]   |
[INFO] [stdout] 2 | use winapi::ctypes;
[INFO] [stdout]   |     ^^^^^^^^^^^^^^ no `ctypes` in the root
[INFO] [stdout] 
[INFO] [stdout] 
[INFO] [stdout] error[E0432]: unresolved import `winapi::ctypes`
[INFO] [stdout]  --> src/module/modules/nodelay.rs:1:5
[INFO] [stdout]   |
[INFO] [stdout] 1 | use winapi::ctypes;
[INFO] [stdout]   |     ^^^^^^^^^^^^^^ no `ctypes` in the root
[INFO] [stdout] 
[INFO] [stdout] 
[INFO] [stdout] error[E0432]: unresolved import `winapi::ctypes`
[INFO] [stdout]  --> src/module/modules/aimbot.rs:2:5
[INFO] [stdout]   |
[INFO] [stdout] 2 | use winapi::ctypes;
[INFO] [stdout]   |     ^^^^^^^^^^^^^^ no `ctypes` in the root
[INFO] [stdout] 
[INFO] [stdout] 
[INFO] [stdout] error[E0432]: unresolved imports `winapi::um`, `winapi::ctypes`, `winapi::_core`, `winapi::shared`
[INFO] [stdout]   --> src/lib.rs:7:5
[INFO] [stdout]    |
[INFO] [stdout] 7  |     um::{
[INFO] [stdout]    |     ^^ could not find `um` in `winapi`
[INFO] [stdout] ...
[INFO] [stdout] 15 |     ctypes,
[INFO] [stdout]    |     ^^^^^^ no `ctypes` in the root
[INFO] [stdout] 16 |     _core::ptr,
[INFO] [stdout]    |     ^^^^^ could not find `_core` in `winapi`
[INFO] [stdout] 17 |     shared::minwindef,
[INFO] [stdout]    |     ^^^^^^ could not find `shared` in `winapi`
[INFO] [stdout] 
[INFO] [stdout] 
[INFO] [stdout] error[E0432]: unresolved imports `winapi::um`, `winapi::_core`
[INFO] [stdout]   --> src/module/manager.rs:14:5
[INFO] [stdout]    |
[INFO] [stdout] 14 |     um::{
[INFO] [stdout]    |     ^^ could not find `um` in `winapi`
[INFO] [stdout] ...
[INFO] [stdout] 18 |     _core::ptr,
[INFO] [stdout]    |     ^^^^^ could not find `_core` in `winapi`
[INFO] [stdout] 
[INFO] [stdout] 
[INFO] [stdout] error[E0432]: unresolved import `winapi::ctypes`
[INFO] [stdout]  --> src/module/module.rs:2:5
[INFO] [stdout]   |
[INFO] [stdout] 2 | use winapi::ctypes;
[INFO] [stdout]   |     ^^^^^^^^^^^^^^ no `ctypes` in the root
[INFO] [stdout] 
[INFO] [stdout] 
[INFO] [stdout] error[E0432]: unresolved imports `winapi::um`, `winapi::ctypes`, `winapi::_core`, `winapi::shared`
[INFO] [stdout]   --> src/lib.rs:7:5
[INFO] [stdout]    |
[INFO] [stdout] 7  |     um::{
[INFO] [stdout]    |     ^^ could not find `um` in `winapi`
[INFO] [stdout] ...
[INFO] [stdout] 15 |     ctypes,
[INFO] [stdout]    |     ^^^^^^ no `ctypes` in the root
[INFO] [stdout] 16 |     _core::ptr,
[INFO] [stdout]    |     ^^^^^ could not find `_core` in `winapi`
[INFO] [stdout] 17 |     shared::minwindef,
[INFO] [stdout]    |     ^^^^^^ could not find `shared` in `winapi`
[INFO] [stdout] 
[INFO] [stdout] 
[INFO] [stdout] warning: use of calling convention not supported on this target
[INFO] [stdout]   --> src/lib.rs:22:1
[INFO] [stdout]    |
[INFO] [stdout] 22 | pub extern "stdcall" fn DllMain(hinst_dll: minwindef::HINSTANCE, fdw_reason: u32, _: minwindef::LPVOID) -> i32 {
[INFO] [stdout]    | ^^^^^^^^^^^^^^^^^^^^^^^^^^^^^^^^^^^^^^^^^^^^^^^^^^^^^^^^^^^^^^^^^^^^^^^^^^^^^^^^^^^^^^^^^^^^^^^^^^^^^^^^^^^^^^
[INFO] [stdout]    |
[INFO] [stdout]    = warning: this was previously accepted by the compiler but is being phased out; it will become a hard error in a future release!
[INFO] [stdout]    = note: for more information, see issue #87678 <https://github.com/rust-lang/rust/issues/87678>
[INFO] [stdout]    = note: `#[warn(unsupported_calling_conventions)]` on by default
[INFO] [stdout] 
[INFO] [stdout] 
[INFO] [stdout] warning: use of calling convention not supported on this target
[INFO] [stdout]   --> src/lib.rs:22:1
[INFO] [stdout]    |
[INFO] [stdout] 22 | pub extern "stdcall" fn DllMain(hinst_dll: minwindef::HINSTANCE, fdw_reason: u32, _: minwindef::LPVOID) -> i32 {
[INFO] [stdout]    | ^^^^^^^^^^^^^^^^^^^^^^^^^^^^^^^^^^^^^^^^^^^^^^^^^^^^^^^^^^^^^^^^^^^^^^^^^^^^^^^^^^^^^^^^^^^^^^^^^^^^^^^^^^^^^^
[INFO] [stdout]    |
[INFO] [stdout]    = warning: this was previously accepted by the compiler but is being phased out; it will become a hard error in a future release!
[INFO] [stdout]    = note: for more information, see issue #87678 <https://github.com/rust-lang/rust/issues/87678>
[INFO] [stdout]    = note: `#[warn(unsupported_calling_conventions)]` on by default
[INFO] [stdout] 
[INFO] [stdout] 
[INFO] [stdout] error: aborting due to 6 previous errors; 1 warning emitted
[INFO] [stdout] 
[INFO] [stdout] 
[INFO] [stdout] For more information about this error, try `rustc --explain E0432`.
[INFO] [stdout] 
[INFO] [stdout] error: aborting due to 6 previous errors; 1 warning emitted
[INFO] [stdout] 
[INFO] [stdout] 
[INFO] [stdout] For more information about this error, try `rustc --explain E0432`.
[INFO] [stdout] 
[INFO] [stderr] error: could not compile `sauerbraten` (lib test) due to 7 previous errors; 1 warning emitted
[INFO] [stderr] warning: build failed, waiting for other jobs to finish...
[INFO] [stderr] error: could not compile `sauerbraten` (lib) due to 7 previous errors; 1 warning emitted
[INFO] running `Command { std: "docker" "inspect" "f2e2047cd1bf4d3ef58e31617bfca442f274a2c6e7c018398e8c84af68ab0004", kill_on_drop: false }`
[INFO] running `Command { std: "docker" "rm" "-f" "f2e2047cd1bf4d3ef58e31617bfca442f274a2c6e7c018398e8c84af68ab0004", kill_on_drop: false }`
[INFO] [stdout] f2e2047cd1bf4d3ef58e31617bfca442f274a2c6e7c018398e8c84af68ab0004
